{"id":131,"date":"2019-10-03T12:06:09","date_gmt":"2019-10-03T10:06:09","guid":{"rendered":"https:\/\/charpentelaubertine.fr\/?page_id=131"},"modified":"2020-11-01T19:43:12","modified_gmt":"2020-11-01T18:43:12","slug":"conception-bioclimatique","status":"publish","type":"page","link":"https:\/\/charpentelaubertine.fr\/?page_id=131","title":{"rendered":"Le bioclimatisme"},"content":{"rendered":"\n<h2 id=\"ancre-en\">En bref&#8230;<\/h2>\n\n\n\n<figure class=\"wp-block-image\"><img decoding=\"async\" loading=\"lazy\" width=\"1024\" height=\"169\" src=\"https:\/\/charpentelaubertine.fr\/wp-content\/uploads\/2019\/10\/haut-de-page-1-1024x169.jpg\" alt=\"coucher de soleil\" class=\"wp-image-801\" srcset=\"https:\/\/charpentelaubertine.fr\/wp-content\/uploads\/2019\/10\/haut-de-page-1-1024x169.jpg 1024w, https:\/\/charpentelaubertine.fr\/wp-content\/uploads\/2019\/10\/haut-de-page-1-300x50.jpg 300w, https:\/\/charpentelaubertine.fr\/wp-content\/uploads\/2019\/10\/haut-de-page-1-768x127.jpg 768w, https:\/\/charpentelaubertine.fr\/wp-content\/uploads\/2019\/10\/haut-de-page-1-750x124.jpg 750w, https:\/\/charpentelaubertine.fr\/wp-content\/uploads\/2019\/10\/haut-de-page-1-400x66.jpg 400w, https:\/\/charpentelaubertine.fr\/wp-content\/uploads\/2019\/10\/haut-de-page-1-430x71.jpg 430w, https:\/\/charpentelaubertine.fr\/wp-content\/uploads\/2019\/10\/haut-de-page-1-150x25.jpg 150w, https:\/\/charpentelaubertine.fr\/wp-content\/uploads\/2019\/10\/haut-de-page-1-100x17.jpg 100w, https:\/\/charpentelaubertine.fr\/wp-content\/uploads\/2019\/10\/haut-de-page-1.jpg 1600w\" sizes=\"(max-width: 1024px) 100vw, 1024px\" \/><\/figure>\n\n\n\n<p><strong>Le bioclimatisme<\/strong> prend en compte les \u00e9l\u00e9ments naturels ext\u00e9rieurs. Autrement dit remettre du \u00ab\u00a0<strong>bon sens paysan<\/strong>\u00a0\u00bb dans la conception de nos habitations.<\/p>\n\n\n\n<div class=\"is-layout-flex wp-container-3 wp-block-columns has-2-columns\">\n<div class=\"is-layout-flow wp-block-column\">\n<figure class=\"wp-block-image\"><img decoding=\"async\" loading=\"lazy\" width=\"400\" height=\"266\" src=\"https:\/\/charpentelaubertine.fr\/wp-content\/uploads\/2019\/10\/400-hiver-maison.jpg\" alt=\"maison hiver\" class=\"wp-image-732\" srcset=\"https:\/\/charpentelaubertine.fr\/wp-content\/uploads\/2019\/10\/400-hiver-maison.jpg 400w, https:\/\/charpentelaubertine.fr\/wp-content\/uploads\/2019\/10\/400-hiver-maison-300x200.jpg 300w, https:\/\/charpentelaubertine.fr\/wp-content\/uploads\/2019\/10\/400-hiver-maison-150x100.jpg 150w, https:\/\/charpentelaubertine.fr\/wp-content\/uploads\/2019\/10\/400-hiver-maison-100x67.jpg 100w\" sizes=\"(max-width: 400px) 100vw, 400px\" \/><\/figure>\n<\/div>\n\n\n\n<div class=\"is-layout-flow wp-block-column\">\n<h2 id=\"confort-d'hiver\">Confort d&rsquo;hiver<\/h2>\n\n\n\n<p><strong>Se prot\u00e9ger des vents froids<\/strong> venant du Nord l\u2019hiver (peu de fen\u00eatre, talus arbor\u00e9, espace tampon cave ou cellier), maximiser les <strong>apports solaires en fa\u00e7ade Sud<\/strong> (grandes surfaces vitr\u00e9es), un bon rapport entre <strong>isolation et inertie<\/strong> thermique suivant les r\u00e9gions (mat\u00e9riau polyvalent, paille, terre, bois, laine de bois, fibre de bois, ouate de cellulose)<\/p>\n<\/div>\n<\/div>\n\n\n\n<div class=\"is-layout-flex wp-container-6 wp-block-columns has-2-columns\">\n<div class=\"is-layout-flow wp-block-column\">\n<h2 id=\"confort-d'\u00e9t\u00e9\">Confort d&rsquo;\u00e9t\u00e9<\/h2>\n\n\n\n<p><strong>Se prot\u00e9ger de la surchauffe solaire<\/strong>, arbre \u00e0 feuilles caducs, <strong>brise soleil <\/strong>au dessus des baies Sud (entre 1m et 1,50m), pergola, volets indispensables sur les fa\u00e7ades Ouest et Est, terrain arbor\u00e9 et pi\u00e8ce d\u2019eau sont propices au <strong>micro-climat<\/strong>, les parois bard\u00e9es sont int\u00e9ressantes car elles sont ventil\u00e9es, de m\u00eame la lame d\u2019air sous le mat\u00e9riau de couverture est tr\u00e8s importante, privil\u00e9gier lucarne avec volets sur les versants Sud et fen\u00eatre de toit avec <strong>volet ext\u00e9rieur<\/strong> sur les autres versants, <strong>sur-ventiler la nuit <\/strong>en ouvrant les fen\u00eatres.<\/p>\n<\/div>\n\n\n\n<div class=\"is-layout-flow wp-block-column\">\n<figure class=\"wp-block-image\"><img decoding=\"async\" loading=\"lazy\" width=\"400\" height=\"300\" src=\"https:\/\/charpentelaubertine.fr\/wp-content\/uploads\/2019\/10\/400-maison-\u00e9t\u00e9.jpg\" alt=\"maison \u00e9t\u00e9\" class=\"wp-image-733\" srcset=\"https:\/\/charpentelaubertine.fr\/wp-content\/uploads\/2019\/10\/400-maison-\u00e9t\u00e9.jpg 400w, https:\/\/charpentelaubertine.fr\/wp-content\/uploads\/2019\/10\/400-maison-\u00e9t\u00e9-300x225.jpg 300w, https:\/\/charpentelaubertine.fr\/wp-content\/uploads\/2019\/10\/400-maison-\u00e9t\u00e9-150x113.jpg 150w, https:\/\/charpentelaubertine.fr\/wp-content\/uploads\/2019\/10\/400-maison-\u00e9t\u00e9-100x75.jpg 100w\" sizes=\"(max-width: 400px) 100vw, 400px\" \/><\/figure>\n<\/div>\n<\/div>\n\n\n\n<h2 id=\"inertie-thermique\">Qu\u2019est ce que l\u2019inertie thermique et \u00e0 quoi \u00e7a sert&nbsp;?<\/h2>\n\n\n\n<p><strong>L\u2019inertie thermique<\/strong> est intrins\u00e8que \u00e0 chaque mat\u00e9riau, on parle de \u00ab&nbsp;capacit\u00e9 thermique&nbsp;\u00bb des mat\u00e9riaux, elle d\u00e9pend en partie de sa <strong>densit\u00e9 <\/strong>ou masse volumique.<\/p>\n\n\n\n<p>Plus l\u2019inertie est \u00e9lev\u00e9e, plus le mat\u00e9riau est capable de stocker et de restituer des quantit\u00e9s importantes de chaleur en hiver ou de fra\u00eecheur en \u00e9t\u00e9.<\/p>\n\n\n\n<p>Par ailleurs, plus l\u2019inertie est forte, plus le mat\u00e9riau mettra de temps \u00e0 s\u2019\u00e9chauffer ou \u00e0 se refroidir, plus elle est faible , moins il en mettra.<\/p>\n\n\n\n<p>Autrement dit <strong>une maison confortable \u00e9t\u00e9 comme hiver est \u00e9quilibr\u00e9e entre inertie (partie int\u00e9rieure du mur) et isolation (<\/strong> <strong>partie ext\u00e9rieure du mur<\/strong> <strong>)<\/strong> :<\/p>\n\n\n\n<p>\nExemples&nbsp;:<\/p>\n\n\n\n<ul><li> un corps d\u2019enduit terre crue int\u00e9rieur sur une botte de paille <\/li><li>une isolation terre-chanvre par l\u2019ext\u00e9rieur sur un mur en brique ou pierre<\/li><li>des cloisons de distribution int\u00e9rieur \u00e0 inertie lourde comme des brique de terre crue (adobe, BTC), cloisons en torchis, terre all\u00e9g\u00e9e, terre-paille<\/li><\/ul>\n\n\n\n<h2 id=\"etancheite\">Etanch\u00e9it\u00e9 \u00e0 l\u2019air et migration vapeur d\u2019eau&nbsp;:<\/h2>\n\n\n\n<p>Tout d\u2019abord, toute maison d\u2019habitation neuve ayant son permis de construire d\u00e9pos\u00e9 apr\u00e8s le 1<sup>er<\/sup> janvier 2013 est soumise \u00e0 la R\u00e9glementation Thermique 2012 (RT2012). Cette r\u00e9glementation correspond aux exigences B.B.C. (B\u00e2timent Basse Consommation). La RT2012 rend obligatoire le test d\u2019infiltrom\u00e9trie de fin de chantier validant ou non l\u2019\u00e9tanch\u00e9it\u00e9 \u00e0 l\u2019air du b\u00e2timent.<\/p>\n\n\n\n<p>Il n\u2019y a pas que les films <strong>pare et frein vapeur<\/strong> qui sont \u00e9tanches \u00e0 l\u2019air, on peut aussi utiliser, panneau bois, bois massif, <strong>enduit terre<\/strong> et d\u2019autres.<\/p>\n\n\n\n<p>Il ne faut pas confondre \u00e9tanch\u00e9it\u00e9 \u00e0 l\u2019air et \u00e9tanch\u00e9it\u00e9 \u00e0 la vapeur d\u2019eau. Ce qu\u2019on appelle une \u00ab&nbsp;paroi&nbsp;respirante&nbsp;\u00bb est une paroi <strong>\u00e9tanche \u00e0 l\u2019air et perm\u00e9able \u00e0 la vapeur d\u2019eau<\/strong>.<\/p>\n\n\n\n<p>Exactement comme notre peau, lorsque nous versons de l\u2019eau sur notre bras, l\u2019eau ne s\u2019infiltre pas par contre notre peau laisse passer la transpiration de l\u2019int\u00e9rieur vers l\u2019ext\u00e9rieur.<\/p>\n\n\n\n<p><strong>Les murs <\/strong>de nos maisons sont notre <strong>deuxi\u00e8me peau<\/strong>, ils doivent permettre, gr\u00e2ce \u00e0 la mise en place de mat\u00e9riau de plus en plus perspirant de l\u2019int\u00e9rieur vers l\u2019ext\u00e9rieur, l\u2019\u00e9vacuation du surplus de vapeur d\u2019eau produit \u00e0 l\u2019int\u00e9rieur de la maison vers l\u2019ext\u00e9rieur.<\/p>\n\n\n\n<p>Pour <strong>aller plus loin<\/strong> lire <a rel=\"noreferrer noopener\" aria-label=\"Conception bioclimatique (s\u2019ouvre dans un nouvel onglet)\" href=\"https:\/\/boutique.terrevivante.org\/librairie\/livres\/3872\/techniques-de-pro\/458-la-conception-bioclimatique.htm\" target=\"_blank\">Conception bioclimatique<\/a> de Jean-Pierre Oliva et Samuel Courgey<\/p>\n\n\n\n<p><strong>Exemple de mur perspirant<\/strong>, de l\u2019int\u00e9rieur vers l\u2019ext\u00e9rieur&nbsp;: enduit terre crue \u00e9p4cm, botte de paille \u00e9p36cm, panneau contreventant fibre de bois perm\u00e9able \u00e0 la vapeur d\u2019eau type fibertech ou agepan, film pare-pluie, tasseau pour lame d\u2019air de ventilation et bardage bois.<\/p>\n\n\n\n<div class=\"wp-block-image\"><figure class=\"aligncenter is-resized\"><a href=\"https:\/\/charpentelaubertine.fr\/?page_id=131#ancre-en\"><img decoding=\"async\" loading=\"lazy\" src=\"https:\/\/charpentelaubertine.fr\/wp-content\/uploads\/2019\/10\/app-1646212_640.png\" alt=\"haut de page\" class=\"wp-image-789\" width=\"50\" height=\"50\" srcset=\"https:\/\/charpentelaubertine.fr\/wp-content\/uploads\/2019\/10\/app-1646212_640.png 640w, https:\/\/charpentelaubertine.fr\/wp-content\/uploads\/2019\/10\/app-1646212_640-150x150.png 150w, https:\/\/charpentelaubertine.fr\/wp-content\/uploads\/2019\/10\/app-1646212_640-300x300.png 300w, https:\/\/charpentelaubertine.fr\/wp-content\/uploads\/2019\/10\/app-1646212_640-400x400.png 400w, https:\/\/charpentelaubertine.fr\/wp-content\/uploads\/2019\/10\/app-1646212_640-430x430.png 430w, https:\/\/charpentelaubertine.fr\/wp-content\/uploads\/2019\/10\/app-1646212_640-100x100.png 100w\" sizes=\"(max-width: 50px) 100vw, 50px\" \/><\/a><figcaption>Haut de page<\/figcaption><\/figure><\/div>\n","protected":false},"excerpt":{"rendered":"<p>En bref&#8230; Le bioclimatisme prend en compte les \u00e9l\u00e9ments naturels ext\u00e9rieurs. Autrement dit remettre du \u00ab\u00a0bon sens paysan\u00a0\u00bb dans la [&hellip;]<\/p>\n","protected":false},"author":1,"featured_media":0,"parent":0,"menu_order":0,"comment_status":"closed","ping_status":"closed","template":"page_fullwidth.php","meta":{"ngg_post_thumbnail":0},"_links":{"self":[{"href":"https:\/\/charpentelaubertine.fr\/index.php?rest_route=\/wp\/v2\/pages\/131"}],"collection":[{"href":"https:\/\/charpentelaubertine.fr\/index.php?rest_route=\/wp\/v2\/pages"}],"about":[{"href":"https:\/\/charpentelaubertine.fr\/index.php?rest_route=\/wp\/v2\/types\/page"}],"author":[{"embeddable":true,"href":"https:\/\/charpentelaubertine.fr\/index.php?rest_route=\/wp\/v2\/users\/1"}],"replies":[{"embeddable":true,"href":"https:\/\/charpentelaubertine.fr\/index.php?rest_route=%2Fwp%2Fv2%2Fcomments&post=131"}],"version-history":[{"count":22,"href":"https:\/\/charpentelaubertine.fr\/index.php?rest_route=\/wp\/v2\/pages\/131\/revisions"}],"predecessor-version":[{"id":865,"href":"https:\/\/charpentelaubertine.fr\/index.php?rest_route=\/wp\/v2\/pages\/131\/revisions\/865"}],"wp:attachment":[{"href":"https:\/\/charpentelaubertine.fr\/index.php?rest_route=%2Fwp%2Fv2%2Fmedia&parent=131"}],"curies":[{"name":"wp","href":"https:\/\/api.w.org\/{rel}","templated":true}]}}

<h2 id="ancre-en">En bref&#8230;</h2>



<figure class="wp-block-image"><img decoding="async" loading="lazy" width="1024" height="169" src="https://charpentelaubertine.fr/wp-content/uploads/2019/10/haut-de-page-1-1024x169.jpg" alt="coucher de soleil" class="wp-image-801" srcset="https://charpentelaubertine.fr/wp-content/uploads/2019/10/haut-de-page-1-1024x169.jpg 1024w, https://charpentelaubertine.fr/wp-content/uploads/2019/10/haut-de-page-1-300x50.jpg 300w, https://charpentelaubertine.fr/wp-content/uploads/2019/10/haut-de-page-1-768x127.jpg 768w, https://charpentelaubertine.fr/wp-content/uploads/2019/10/haut-de-page-1-750x124.jpg 750w, https://charpentelaubertine.fr/wp-content/uploads/2019/10/haut-de-page-1-400x66.jpg 400w, https://charpentelaubertine.fr/wp-content/uploads/2019/10/haut-de-page-1-430x71.jpg 430w, https://charpentelaubertine.fr/wp-content/uploads/2019/10/haut-de-page-1-150x25.jpg 150w, https://charpentelaubertine.fr/wp-content/uploads/2019/10/haut-de-page-1-100x17.jpg 100w, https://charpentelaubertine.fr/wp-content/uploads/2019/10/haut-de-page-1.jpg 1600w" sizes="(max-width: 1024px) 100vw, 1024px" /></figure>



<p><strong>Le bioclimatisme</strong> prend en compte les éléments naturels extérieurs. Autrement dit remettre du « <strong>bon sens paysan</strong> » dans la conception de nos habitations.</p>



<div class="is-layout-flex wp-container-3 wp-block-columns has-2-columns">
<div class="is-layout-flow wp-block-column">
<figure class="wp-block-image"><img decoding="async" loading="lazy" width="400" height="266" src="https://charpentelaubertine.fr/wp-content/uploads/2019/10/400-hiver-maison.jpg" alt="maison hiver" class="wp-image-732" srcset="https://charpentelaubertine.fr/wp-content/uploads/2019/10/400-hiver-maison.jpg 400w, https://charpentelaubertine.fr/wp-content/uploads/2019/10/400-hiver-maison-300x200.jpg 300w, https://charpentelaubertine.fr/wp-content/uploads/2019/10/400-hiver-maison-150x100.jpg 150w, https://charpentelaubertine.fr/wp-content/uploads/2019/10/400-hiver-maison-100x67.jpg 100w" sizes="(max-width: 400px) 100vw, 400px" /></figure>
</div>



<div class="is-layout-flow wp-block-column">
<h2 id="confort-d'hiver">Confort d&rsquo;hiver</h2>



<p><strong>Se protéger des vents froids</strong> venant du Nord l’hiver (peu de fenêtre, talus arboré, espace tampon cave ou cellier), maximiser les <strong>apports solaires en façade Sud</strong> (grandes surfaces vitrées), un bon rapport entre <strong>isolation et inertie</strong> thermique suivant les régions (matériau polyvalent, paille, terre, bois, laine de bois, fibre de bois, ouate de cellulose)</p>
</div>
</div>



<div class="is-layout-flex wp-container-6 wp-block-columns has-2-columns">
<div class="is-layout-flow wp-block-column">
<h2 id="confort-d'été">Confort d&rsquo;été</h2>



<p><strong>Se protéger de la surchauffe solaire</strong>, arbre à feuilles caducs, <strong>brise soleil </strong>au dessus des baies Sud (entre 1m et 1,50m), pergola, volets indispensables sur les façades Ouest et Est, terrain arboré et pièce d’eau sont propices au <strong>micro-climat</strong>, les parois bardées sont intéressantes car elles sont ventilées, de même la lame d’air sous le matériau de couverture est très importante, privilégier lucarne avec volets sur les versants Sud et fenêtre de toit avec <strong>volet extérieur</strong> sur les autres versants, <strong>sur-ventiler la nuit </strong>en ouvrant les fenêtres.</p>
</div>



<div class="is-layout-flow wp-block-column">
<figure class="wp-block-image"><img decoding="async" loading="lazy" width="400" height="300" src="https://charpentelaubertine.fr/wp-content/uploads/2019/10/400-maison-été.jpg" alt="maison été" class="wp-image-733" srcset="https://charpentelaubertine.fr/wp-content/uploads/2019/10/400-maison-été.jpg 400w, https://charpentelaubertine.fr/wp-content/uploads/2019/10/400-maison-été-300x225.jpg 300w, https://charpentelaubertine.fr/wp-content/uploads/2019/10/400-maison-été-150x113.jpg 150w, https://charpentelaubertine.fr/wp-content/uploads/2019/10/400-maison-été-100x75.jpg 100w" sizes="(max-width: 400px) 100vw, 400px" /></figure>
</div>
</div>



<h2 id="inertie-thermique">Qu’est ce que l’inertie thermique et à quoi ça sert&nbsp;?</h2>



<p><strong>L’inertie thermique</strong> est intrinsèque à chaque matériau, on parle de «&nbsp;capacité thermique&nbsp;» des matériaux, elle dépend en partie de sa <strong>densité </strong>ou masse volumique.</p>



<p>Plus l’inertie est élevée, plus le matériau est capable de stocker et de restituer des quantités importantes de chaleur en hiver ou de fraîcheur en été.</p>



<p>Par ailleurs, plus l’inertie est forte, plus le matériau mettra de temps à s’échauffer ou à se refroidir, plus elle est faible , moins il en mettra.</p>



<p>Autrement dit <strong>une maison confortable été comme hiver est équilibrée entre inertie (partie intérieure du mur) et isolation (</strong> <strong>partie extérieure du mur</strong> <strong>)</strong> :</p>



<p>
Exemples&nbsp;:</p>



<ul><li> un corps d’enduit terre crue intérieur sur une botte de paille </li><li>une isolation terre-chanvre par l’extérieur sur un mur en brique ou pierre</li><li>des cloisons de distribution intérieur à inertie lourde comme des brique de terre crue (adobe, BTC), cloisons en torchis, terre allégée, terre-paille</li></ul>



<h2 id="etancheite">Etanchéité à l’air et migration vapeur d’eau&nbsp;:</h2>



<p>Tout d’abord, toute maison d’habitation neuve ayant son permis de construire déposé après le 1<sup>er</sup> janvier 2013 est soumise à la Réglementation Thermique 2012 (RT2012). Cette réglementation correspond aux exigences B.B.C. (Bâtiment Basse Consommation). La RT2012 rend obligatoire le test d’infiltrométrie de fin de chantier validant ou non l’étanchéité à l’air du bâtiment.</p>



<p>Il n’y a pas que les films <strong>pare et frein vapeur</strong> qui sont étanches à l’air, on peut aussi utiliser, panneau bois, bois massif, <strong>enduit terre</strong> et d’autres.</p>



<p>Il ne faut pas confondre étanchéité à l’air et étanchéité à la vapeur d’eau. Ce qu’on appelle une «&nbsp;paroi&nbsp;respirante&nbsp;» est une paroi <strong>étanche à l’air et perméable à la vapeur d’eau</strong>.</p>



<p>Exactement comme notre peau, lorsque nous versons de l’eau sur notre bras, l’eau ne s’infiltre pas par contre notre peau laisse passer la transpiration de l’intérieur vers l’extérieur.</p>



<p><strong>Les murs </strong>de nos maisons sont notre <strong>deuxième peau</strong>, ils doivent permettre, grâce à la mise en place de matériau de plus en plus perspirant de l’intérieur vers l’extérieur, l’évacuation du surplus de vapeur d’eau produit à l’intérieur de la maison vers l’extérieur.</p>



<p>Pour <strong>aller plus loin</strong> lire <a rel="noreferrer noopener" aria-label="Conception bioclimatique (s’ouvre dans un nouvel onglet)" href="https://boutique.terrevivante.org/librairie/livres/3872/techniques-de-pro/458-la-conception-bioclimatique.htm" target="_blank">Conception bioclimatique</a> de Jean-Pierre Oliva et Samuel Courgey</p>



<p><strong>Exemple de mur perspirant</strong>, de l’intérieur vers l’extérieur&nbsp;: enduit terre crue ép4cm, botte de paille ép36cm, panneau contreventant fibre de bois perméable à la vapeur d’eau type fibertech ou agepan, film pare-pluie, tasseau pour lame d’air de ventilation et bardage bois.</p>



<div class="wp-block-image"><figure class="aligncenter is-resized"><a href="https://charpentelaubertine.fr/?page_id=131#ancre-en"><img decoding="async" loading="lazy" src="https://charpentelaubertine.fr/wp-content/uploads/2019/10/app-1646212_640.png" alt="haut de page" class="wp-image-789" width="50" height="50" srcset="https://charpentelaubertine.fr/wp-content/uploads/2019/10/app-1646212_640.png 640w, https://charpentelaubertine.fr/wp-content/uploads/2019/10/app-1646212_640-150x150.png 150w, https://charpentelaubertine.fr/wp-content/uploads/2019/10/app-1646212_640-300x300.png 300w, https://charpentelaubertine.fr/wp-content/uploads/2019/10/app-1646212_640-400x400.png 400w, https://charpentelaubertine.fr/wp-content/uploads/2019/10/app-1646212_640-430x430.png 430w, https://charpentelaubertine.fr/wp-content/uploads/2019/10/app-1646212_640-100x100.png 100w" sizes="(max-width: 50px) 100vw, 50px" /></a><figcaption>Haut de page</figcaption></figure></div>

<p>En bref&#8230; Le bioclimatisme prend en compte les éléments naturels extérieurs. Autrement dit remettre du « bon sens paysan » dans la [&hellip;]</p>
