{"id":947,"date":"2021-06-03T12:37:17","date_gmt":"2021-06-03T10:37:17","guid":{"rendered":"https:\/\/charpentelaubertine.fr\/?page_id=947"},"modified":"2023-01-02T15:10:05","modified_gmt":"2023-01-02T14:10:05","slug":"auto-constructeur-architecte","status":"publish","type":"page","link":"https:\/\/charpentelaubertine.fr\/?page_id=947","title":{"rendered":"D\u00e9roulement d&rsquo;un projet"},"content":{"rendered":"\n<figure class=\"wp-block-image\"><img decoding=\"async\" loading=\"lazy\" width=\"1024\" height=\"169\" src=\"https:\/\/charpentelaubertine.fr\/wp-content\/uploads\/2019\/10\/haut-de-page-1-1024x169.jpg\" alt=\"coucher de soleil\" class=\"wp-image-801\" srcset=\"https:\/\/charpentelaubertine.fr\/wp-content\/uploads\/2019\/10\/haut-de-page-1-1024x169.jpg 1024w, https:\/\/charpentelaubertine.fr\/wp-content\/uploads\/2019\/10\/haut-de-page-1-300x50.jpg 300w, https:\/\/charpentelaubertine.fr\/wp-content\/uploads\/2019\/10\/haut-de-page-1-768x127.jpg 768w, https:\/\/charpentelaubertine.fr\/wp-content\/uploads\/2019\/10\/haut-de-page-1-750x124.jpg 750w, https:\/\/charpentelaubertine.fr\/wp-content\/uploads\/2019\/10\/haut-de-page-1-400x66.jpg 400w, https:\/\/charpentelaubertine.fr\/wp-content\/uploads\/2019\/10\/haut-de-page-1-430x71.jpg 430w, https:\/\/charpentelaubertine.fr\/wp-content\/uploads\/2019\/10\/haut-de-page-1-150x25.jpg 150w, https:\/\/charpentelaubertine.fr\/wp-content\/uploads\/2019\/10\/haut-de-page-1-100x17.jpg 100w, https:\/\/charpentelaubertine.fr\/wp-content\/uploads\/2019\/10\/haut-de-page-1.jpg 1600w\" sizes=\"(max-width: 1024px) 100vw, 1024px\" \/><\/figure>\n\n\n\n<h2>Les phases d&rsquo;un projet<\/h2>\n\n\n\n<p>Quel que soit votre projet de construction, un ma\u00eetre d\u2019\u0153uvre est indispensable pour vous accompagner.<\/p>\n\n\n\n<p><strong>Le ma\u00eetre d\u2019ouvrage<\/strong> : celui qui porte et finance le projet.<\/p>\n\n\n\n<p><strong>Le ma\u00eetre d\u2019\u0153uvre<\/strong> accompagne le porteur de projet durant les diff\u00e9rentes phase de conception jusqu&rsquo;au permis de construire et suivi de chantier<\/p>\n\n\n\n<p><strong>Les diff\u00e9rentes phases de conception d&rsquo;un projet:<\/strong><\/p>\n\n\n\n<ol><li>Recherche d&rsquo;un <strong>ma\u00eetre d\u2019\u0153uvre<\/strong> qui peut \u00eatre <strong>architecte<\/strong>, premi\u00e8re prise de contact et devis pour les missions \u00e0 venir ;<\/li><li><strong>APS<\/strong> : Il s&rsquo;agit de l&rsquo;Avant Projet Sommaire, \u00e0 l&rsquo;issu de cette phase le ma\u00eetre d&rsquo;oeuvre vous fourni des plans, fa\u00e7ades, coupe, plan rez-de-chauss\u00e9e, plan \u00e9tage.<\/li><li><strong>APD ou PRO :<\/strong> Il s&rsquo;agit de l&rsquo;Avant Projet D\u00e9finitif, plans d\u00e9finitifs avant d\u00e9p\u00f4t permis de construire, insertion de la construction sur le terrain, budget pr\u00e9visionnel et planning \u00e9ventuel.<\/li><li><strong>PC :<\/strong> D\u00e9p\u00f4t du dossier de permis de construire.<\/li><li><strong>DCE :<\/strong> Consultation des entreprises, signature des devis aupr\u00e8s des entreprises retenues.<\/li><li><strong>CHANTIER :<\/strong> Construction du projet, les entreprises  se succ\u00e8dent suivant le planning d\u00e9fini en d\u00e9but de chantier avec tous les intervenants.<\/li><li><strong>R\u00c9CEPTION DES TRAVAUX :<\/strong> Dans le cas d&rsquo;une maison neuve, test infiltrom\u00e9trie, document officiel d&rsquo;ach\u00e8vement des travaux \u00e0 d\u00e9poser en mairie. A partir de cette date d\u00e9butent les garanties l\u00e9gales : d\u00e9cennale, biennale.<\/li><\/ol>\n\n\n\n<h2>En phase conception<\/h2>\n\n\n\n<p>L&rsquo;entreprise <strong>CHARPENTE LAUBERTINE<\/strong> peut intervenir \u00e0 diff\u00e9rentes phases de la conception :<\/p>\n\n\n\n<ul><li><strong>Mission Conception :<\/strong> mission int\u00e9gr\u00e9e \u00e0 la maitrise d\u2019\u0153uvre, avec un architecte pour d\u00e9finir les \u00e9paisseurs de murs et toiture<\/li><li><strong>Mission devis estimatif<\/strong> : en phase DCE, CHARPENTE LAUBERTINE fourni un devis pour ses lots. Possibilit\u00e9 de r\u00e9pondre en groupement d&rsquo;artisan (couverture, menuiseries ext\u00e9rieures, gros oeuvre)<\/li><\/ul>\n\n\n\n<h2>En phase chantier<\/h2>\n\n\n\n<p> L&rsquo;entreprise <strong>CHARPENTE LAUBERTINE<\/strong> intervient en phase chantier de la mani\u00e8re suivante :<\/p>\n\n\n\n<ul><li>En atelier : plans de fabrication , pr\u00e9fabrication mur , isolation paille ,  taillage et assemblage charpente <\/li><li>Sur chantier : levage des \u00e9l\u00e9ments pr\u00e9fabriqu\u00e9s \u00e0 l&rsquo;aide d&rsquo;engin de levage type camion-grue ou chariot t\u00e9lescopique<\/li><\/ul>\n","protected":false},"excerpt":{"rendered":"<p>Les phases d&rsquo;un projet Quel que soit votre projet de construction, un ma\u00eetre d\u2019\u0153uvre est indispensable pour vous accompagner. Le [&hellip;]<\/p>\n","protected":false},"author":1,"featured_media":0,"parent":0,"menu_order":0,"comment_status":"closed","ping_status":"closed","template":"","meta":{"ngg_post_thumbnail":0},"_links":{"self":[{"href":"https:\/\/charpentelaubertine.fr\/index.php?rest_route=\/wp\/v2\/pages\/947"}],"collection":[{"href":"https:\/\/charpentelaubertine.fr\/index.php?rest_route=\/wp\/v2\/pages"}],"about":[{"href":"https:\/\/charpentelaubertine.fr\/index.php?rest_route=\/wp\/v2\/types\/page"}],"author":[{"embeddable":true,"href":"https:\/\/charpentelaubertine.fr\/index.php?rest_route=\/wp\/v2\/users\/1"}],"replies":[{"embeddable":true,"href":"https:\/\/charpentelaubertine.fr\/index.php?rest_route=%2Fwp%2Fv2%2Fcomments&post=947"}],"version-history":[{"count":9,"href":"https:\/\/charpentelaubertine.fr\/index.php?rest_route=\/wp\/v2\/pages\/947\/revisions"}],"predecessor-version":[{"id":1066,"href":"https:\/\/charpentelaubertine.fr\/index.php?rest_route=\/wp\/v2\/pages\/947\/revisions\/1066"}],"wp:attachment":[{"href":"https:\/\/charpentelaubertine.fr\/index.php?rest_route=%2Fwp%2Fv2%2Fmedia&parent=947"}],"curies":[{"name":"wp","href":"https:\/\/api.w.org\/{rel}","templated":true}]}}